{"id":16826,"date":"2018-09-12T15:59:40","date_gmt":"2018-09-12T15:59:40","guid":{"rendered":"http:\/\/ebsv.edu.azores.gov.pt\/wordpress\/?page_id=16826"},"modified":"2018-09-12T15:59:40","modified_gmt":"2018-09-12T15:59:40","slug":"ripa-5oano","status":"publish","type":"page","link":"https:\/\/ebsv.edu.azores.gov.pt\/?page_id=16826","title":{"rendered":"RIPA 5\u00baAno"},"content":{"rendered":"<p>Para aceder ao RIPA clique no nome do aluno e introduza a respetiva chave.<\/p>\n<table width=\"0\">\n<tbody>\n<tr>\n<td width=\"400\"><a href=\"https:\/\/ebsv-dev.edu.azores.gov.pt\/wp-content\/uploads\/2019\/09\/Afonso-Freitas-1.pdf\">AFONSO LU\u00cdS MEDEIROS FREITAS<\/a><\/td>\n<\/tr>\n<tr>\n<td width=\"680\"><a href=\"https:\/\/ebsv-dev.edu.azores.gov.pt\/wp-content\/uploads\/2019\/09\/Andre-Correia-1.pdf\">ANDR\u00c9 DUARTE SOARES CORREIA<\/a><\/td>\n<\/tr>\n<tr>\n<td width=\"680\"><a href=\"https:\/\/ebsv-dev.edu.azores.gov.pt\/wp-content\/uploads\/2019\/09\/Andre-Azevedo-1.pdf\">ANDR\u00c9 NEVES AZEVEDO<\/a><\/td>\n<\/tr>\n<tr>\n<td width=\"680\"><a href=\"https:\/\/ebsv-dev.edu.azores.gov.pt\/wp-content\/uploads\/2019\/09\/Frida_59151102-1.pdf\">FRIDA CRISTINA WIETREICH<\/a><\/td>\n<\/tr>\n<tr>\n<td width=\"680\"><a href=\"https:\/\/ebsv-dev.edu.azores.gov.pt\/wp-content\/uploads\/2019\/09\/Goncalo-Sofia-1.pdf\">GON\u00c7ALO VIEGAS SOFIA<\/a><\/td>\n<\/tr>\n<tr>\n<td width=\"680\"><a href=\"https:\/\/ebsv-dev.edu.azores.gov.pt\/wp-content\/uploads\/2019\/09\/Ines-Soares-2.pdf\">IN\u00caS FILIPA SOUSA SOARES<\/a><\/td>\n<\/tr>\n<tr>\n<td width=\"680\"><a href=\"https:\/\/ebsv-dev.edu.azores.gov.pt\/wp-content\/uploads\/2019\/09\/Isacc-Oliveira-1.pdf\">ISAAC MIGUEL SOUSA OLIVEIRA<\/a><\/td>\n<\/tr>\n<tr>\n<td width=\"680\"><a href=\"https:\/\/ebsv-dev.edu.azores.gov.pt\/wp-content\/uploads\/2019\/09\/Kevin-Silva-1.pdf\">KEVIN FERNANDO OLIVEIRA SILVA<\/a><\/td>\n<\/tr>\n<tr>\n<td width=\"680\"><a href=\"https:\/\/ebsv-dev.edu.azores.gov.pt\/wp-content\/uploads\/2019\/09\/Leonardo-Silveira-1.pdf\">LEONARDO SILVEIRA<\/a><\/td>\n<\/tr>\n<tr>\n<td width=\"680\"><a href=\"https:\/\/ebsv-dev.edu.azores.gov.pt\/wp-content\/uploads\/2019\/09\/Marisa-Freitas-1.pdf\">MARISA MARIA FREITAS<\/a><\/td>\n<\/tr>\n<tr>\n<td width=\"680\"><a href=\"https:\/\/ebsv-dev.edu.azores.gov.pt\/wp-content\/uploads\/2019\/09\/Martim-Matos-1.pdf\">MARTIM MACHADO DE MATOS<\/a><\/td>\n<\/tr>\n<tr>\n<td width=\"680\"><a href=\"https:\/\/ebsv-dev.edu.azores.gov.pt\/wp-content\/uploads\/2019\/09\/Pedro-Pereira-1.pdf\">PEDRO ALEXANDRE PEREIRA<\/a><\/td>\n<\/tr>\n<tr>\n<td width=\"680\"><a href=\"https:\/\/ebsv-dev.edu.azores.gov.pt\/wp-content\/uploads\/2019\/09\/Ana-Matias-1.pdf\">ANA ISABELA FREITAS MATIAS<\/a><\/td>\n<\/tr>\n<tr>\n<td width=\"680\"><a href=\"https:\/\/ebsv-dev.edu.azores.gov.pt\/wp-content\/uploads\/2019\/09\/Andre-Pereira-1.pdf\">ANDR\u00c9 MARCELO COSTA PEREIRA<\/a><\/td>\n<\/tr>\n<tr>\n<td width=\"680\"><a href=\"https:\/\/ebsv-dev.edu.azores.gov.pt\/wp-content\/uploads\/2019\/09\/Beatriz-Monsanto-1.pdf\">BEATRIZ SOARES MONSANTO<\/a><\/td>\n<\/tr>\n<tr>\n<td width=\"680\"><a href=\"https:\/\/ebsv-dev.edu.azores.gov.pt\/wp-content\/uploads\/2019\/09\/Carolina-Correia-1.pdf\">CAROLINA NUNES CORREIA<\/a><\/td>\n<\/tr>\n<tr>\n<td width=\"680\"><a href=\"https:\/\/ebsv.edu.azores.gov.pt\/wp-content\/uploads\/sites\/38\/2019\/09\/Gon\u00e7alo-Bettencourt.pdf\">GON\u00c7ALO CUST\u00d3DIO BETTENCOURT<\/a><\/td>\n<\/tr>\n<tr>\n<td width=\"680\"><a href=\"https:\/\/ebsv-dev.edu.azores.gov.pt\/wp-content\/uploads\/2019\/09\/Mara-Sousa-1.pdf\">MARA MONTEIRO SOUSA<\/a><\/td>\n<\/tr>\n<tr>\n<td width=\"680\"><a href=\"https:\/\/ebsv-dev.edu.azores.gov.pt\/wp-content\/uploads\/2019\/09\/Margarida-Azevedo-1.pdf\">MARGARIDA RODRIGUES AZEVEDO<\/a><\/td>\n<\/tr>\n<tr>\n<td width=\"680\"><a href=\"https:\/\/ebsv-dev.edu.azores.gov.pt\/wp-content\/uploads\/2019\/09\/Maria-Helena-Bettencourt-1.pdf\">MARIA HELENA SOUSA BETTENCOURT<\/a><\/td>\n<\/tr>\n<tr>\n<td width=\"680\"><a href=\"https:\/\/ebsv-dev.edu.azores.gov.pt\/wp-content\/uploads\/2019\/09\/Marta-Silva-1.pdf\">MARTA BORGES SILVA<\/a><\/td>\n<\/tr>\n<tr>\n<td width=\"680\"><a href=\"https:\/\/ebsv-dev.edu.azores.gov.pt\/wp-content\/uploads\/2019\/09\/Marta-Branco-1.pdf\">MARTA SOFIA SOARES BRANCO<\/a><\/td>\n<\/tr>\n<tr>\n<td width=\"680\"><a href=\"https:\/\/ebsv-dev.edu.azores.gov.pt\/wp-content\/uploads\/2019\/09\/Martim-Sousa-1.pdf\">MARTIM AUGUSTO OLIVEIRA SOUSA<\/a><\/td>\n<\/tr>\n<tr>\n<td width=\"680\"><a href=\"https:\/\/ebsv-dev.edu.azores.gov.pt\/wp-content\/uploads\/2019\/09\/Mateus-Avila-1.pdf\">MATEUS JOS\u00c9 QUADROS \u00c1VILA<\/a><\/td>\n<\/tr>\n<tr>\n<td width=\"680\"><a href=\"https:\/\/ebsv-dev.edu.azores.gov.pt\/wp-content\/uploads\/2019\/09\/Ariana-Pina-1.pdf\">ARIANA MACHADO DE PINA<\/a><\/td>\n<\/tr>\n<tr>\n<td width=\"680\"><a href=\"https:\/\/ebsv-dev.edu.azores.gov.pt\/wp-content\/uploads\/2019\/09\/Dalila-Costa-1.pdf\">DALILA CARDOSO COSTA<\/a><\/td>\n<\/tr>\n<tr>\n<td width=\"680\"><a href=\"https:\/\/ebsv-dev.edu.azores.gov.pt\/wp-content\/uploads\/2019\/09\/Gustavo-Pereira-1.pdf\">GUSTAVO PIMENTEL DA SILVEIRA MAGINA PEREIRA<\/a><\/td>\n<\/tr>\n<tr>\n<td width=\"680\"><a href=\"https:\/\/ebsv-dev.edu.azores.gov.pt\/wp-content\/uploads\/2019\/09\/Leonardo-Nunes-1.pdf\">LEONARDO DUTRA NUNES<\/a><\/td>\n<\/tr>\n<tr>\n<td width=\"680\"><a href=\"https:\/\/ebsv-dev.edu.azores.gov.pt\/wp-content\/uploads\/2019\/09\/Mariana-Pires-1.pdf\">MARIANA ANDRADE PIRES<\/a><\/td>\n<\/tr>\n<tr>\n<td width=\"680\"><a href=\"https:\/\/ebsv-dev.edu.azores.gov.pt\/wp-content\/uploads\/2019\/09\/Mariana-Lopes-1.pdf\">MARIANA RAMOS LOPES<\/a><\/td>\n<\/tr>\n<tr>\n<td width=\"680\"><a href=\"https:\/\/ebsv-dev.edu.azores.gov.pt\/wp-content\/uploads\/2019\/09\/Martim-Machado-1.pdf\">MARTIM SILVA MACHADO<\/a><\/td>\n<\/tr>\n<tr>\n<td width=\"680\"><a href=\"https:\/\/ebsv-dev.edu.azores.gov.pt\/wp-content\/uploads\/2019\/09\/Martinho-Silveira-1.pdf\">MARTINHO SOARES DOS SANTOS SILVEIRA<\/a><\/td>\n<\/tr>\n<tr>\n<td width=\"680\"><a href=\"https:\/\/ebsv-dev.edu.azores.gov.pt\/wp-content\/uploads\/2019\/09\/Mateus-Matos-1-1.pdf\">MATEUS FREITAS DE MATOS<\/a><\/td>\n<\/tr>\n<tr>\n<td width=\"680\"><a href=\"https:\/\/ebsv-dev.edu.azores.gov.pt\/wp-content\/uploads\/2019\/09\/Miriam-Matos-1.pdf\">MIRIAM BRASIL MATOS<\/a><\/td>\n<\/tr>\n<tr>\n<td width=\"680\"><a href=\"https:\/\/ebsv-dev.edu.azores.gov.pt\/wp-content\/uploads\/2019\/09\/Nuno-Mesquita-1.pdf\">NUNO GUILHERME DA SILVA MESQUITA<\/a><\/td>\n<\/tr>\n<tr>\n<td width=\"680\"><a href=\"https:\/\/ebsv-dev.edu.azores.gov.pt\/wp-content\/uploads\/2019\/09\/Petra-Bettencourt-1.pdf\">PETRA DE MATOS BETTENCOURT<\/a><\/td>\n<\/tr>\n<tr>\n<td width=\"680\"><a href=\"https:\/\/ebsv-dev.edu.azores.gov.pt\/wp-content\/uploads\/2019\/09\/Goncalo-Bertao-1.pdf\">GON\u00c7ALO SILVEIRA BERT\u00c3O<\/a><\/td>\n<\/tr>\n<tr>\n<td width=\"680\"><a href=\"https:\/\/ebsv-dev.edu.azores.gov.pt\/wp-content\/uploads\/2019\/09\/Rita-Cabral-1.pdf\">RITA RAMOS CABRAL<\/a><\/td>\n<\/tr>\n<tr>\n<td width=\"680\"><a href=\"https:\/\/ebsv-dev.edu.azores.gov.pt\/wp-content\/uploads\/2019\/09\/Marcelo-Reis-1.pdf\">MARCELO BETTENCOURT REIS<\/a><\/td>\n<\/tr>\n<tr>\n<td width=\"680\"><a href=\"https:\/\/ebsv-dev.edu.azores.gov.pt\/wp-content\/uploads\/2019\/09\/Vando-Bettencourt-1.pdf\">VANDO BRASIL CABRAL BETTENCOURT<\/a><\/td>\n<\/tr>\n<tr>\n<td width=\"680\"><a href=\"https:\/\/ebsv-dev.edu.azores.gov.pt\/wp-content\/uploads\/2019\/09\/Vitorio-Iori-1.pdf\">VIT\u00d3RIO FILIPE ARRUDA IORI<\/a><\/td>\n<\/tr>\n<tr>\n<td width=\"680\"><a href=\"https:\/\/ebsv-dev.edu.azores.gov.pt\/wp-content\/uploads\/2019\/09\/Michael-Borba-1.pdf\">MICHAEL OLIVEIRA BORBA<\/a><\/td>\n<\/tr>\n<tr>\n<td width=\"680\"><a href=\"https:\/\/ebsv-dev.edu.azores.gov.pt\/wp-content\/uploads\/2019\/09\/Murilo-Ataide-1.pdf\">MURILO ANDR\u00c9 ALVES ATA\u00cdDE<\/a><\/td>\n<\/tr>\n<tr>\n<td width=\"680\"><a href=\"https:\/\/ebsv-dev.edu.azores.gov.pt\/wp-content\/uploads\/2019\/09\/Raissa-Raposo-1.pdf\">RAISSA CAROLINA REIS RAPOSO<\/a><\/td>\n<\/tr>\n<tr>\n<td width=\"680\"><a href=\"https:\/\/ebsv-dev.edu.azores.gov.pt\/wp-content\/uploads\/2019\/09\/Silvia-Soares-1.pdf\">S\u00cdLVIA BOTELHO SOARES<\/a><\/td>\n<\/tr>\n<tr>\n<td width=\"680\"><a href=\"https:\/\/ebsv-dev.edu.azores.gov.pt\/wp-content\/uploads\/2019\/09\/Renato-Avila-1.pdf\">RENATO EMANUEL SILVEIRA \u00c1VILA<\/a><\/td>\n<\/tr>\n<tr>\n<td width=\"680\"><a href=\"https:\/\/ebsv-dev.edu.azores.gov.pt\/wp-content\/uploads\/2019\/09\/Tiago-Soares-1.pdf\">TIAGO BETTENCOURT SOARES<\/a><\/td>\n<\/tr>\n<tr>\n<td width=\"680\"><a href=\"https:\/\/ebsv-dev.edu.azores.gov.pt\/wp-content\/uploads\/2019\/09\/Tomas-Monteiro-1.pdf\">TOM\u00c1S HENRIQUE PEREIRA MONTEIRO<\/a><\/td>\n<\/tr>\n<\/tbody>\n<\/table>\n<p><\/p>\n","protected":false},"excerpt":{"rendered":"<p>Para aceder ao RIPA clique no nome do aluno e introduza a respetiva chave. AFONSO LU\u00cdS MEDEIROS FREITAS ANDR\u00c9 DUARTE SOARES CORREIA ANDR\u00c9 NEVES AZEVEDO FRIDA CRISTINA WIETREICH GON\u00c7ALO VIEGAS SOFIA IN\u00caS FILIPA SOUSA SOARES ISAAC MIGUEL SOUSA OLIVEIRA KEVIN FERNANDO OLIVEIRA SILVA LEONARDO SILVEIRA MARISA MARIA FREITAS MARTIM MACHADO DE MATOS PEDRO ALEXANDRE PEREIRA<\/p><\/div>\n<div class=\"blog-btn\"><a href=\"https:\/\/ebsv.edu.azores.gov.pt\/?page_id=16826\" class=\"home-blog-btn\">Ler mais<\/a><\/p>\n","protected":false},"author":3,"featured_media":0,"parent":0,"menu_order":0,"comment_status":"closed","ping_status":"closed","template":"","meta":{"_mi_skip_tracking":false,"_monsterinsights_sitenote_active":false,"_monsterinsights_sitenote_note":"","_monsterinsights_sitenote_category":0,"footnotes":""},"class_list":["post-16826","page","type-page","status-publish","hentry"],"acf":[],"_links":{"self":[{"href":"https:\/\/ebsv.edu.azores.gov.pt\/index.php?rest_route=\/wp\/v2\/pages\/16826","targetHints":{"allow":["GET"]}}],"collection":[{"href":"https:\/\/ebsv.edu.azores.gov.pt\/index.php?rest_route=\/wp\/v2\/pages"}],"about":[{"href":"https:\/\/ebsv.edu.azores.gov.pt\/index.php?rest_route=\/wp\/v2\/types\/page"}],"author":[{"embeddable":true,"href":"https:\/\/ebsv.edu.azores.gov.pt\/index.php?rest_route=\/wp\/v2\/users\/3"}],"replies":[{"embeddable":true,"href":"https:\/\/ebsv.edu.azores.gov.pt\/index.php?rest_route=%2Fwp%2Fv2%2Fcomments&post=16826"}],"version-history":[{"count":0,"href":"https:\/\/ebsv.edu.azores.gov.pt\/index.php?rest_route=\/wp\/v2\/pages\/16826\/revisions"}],"wp:attachment":[{"href":"https:\/\/ebsv.edu.azores.gov.pt\/index.php?rest_route=%2Fwp%2Fv2%2Fmedia&parent=16826"}],"curies":[{"name":"wp","href":"https:\/\/api.w.org\/{rel}","templated":true}]}}

RIPA 5ºAno

<p>Para aceder ao RIPA clique no nome do aluno e introduza a respetiva chave.</p>
<table width="0">
<tbody>
<tr>
<td width="400"><a href="https://ebsv-dev.edu.azores.gov.pt/wp-content/uploads/2019/09/Afonso-Freitas-1.pdf">AFONSO LUÍS MEDEIROS FREITAS</a></td>
</tr>
<tr>
<td width="680"><a href="https://ebsv-dev.edu.azores.gov.pt/wp-content/uploads/2019/09/Andre-Correia-1.pdf">ANDRÉ DUARTE SOARES CORREIA</a></td>
</tr>
<tr>
<td width="680"><a href="https://ebsv-dev.edu.azores.gov.pt/wp-content/uploads/2019/09/Andre-Azevedo-1.pdf">ANDRÉ NEVES AZEVEDO</a></td>
</tr>
<tr>
<td width="680"><a href="https://ebsv-dev.edu.azores.gov.pt/wp-content/uploads/2019/09/Frida_59151102-1.pdf">FRIDA CRISTINA WIETREICH</a></td>
</tr>
<tr>
<td width="680"><a href="https://ebsv-dev.edu.azores.gov.pt/wp-content/uploads/2019/09/Goncalo-Sofia-1.pdf">GONÇALO VIEGAS SOFIA</a></td>
</tr>
<tr>
<td width="680"><a href="https://ebsv-dev.edu.azores.gov.pt/wp-content/uploads/2019/09/Ines-Soares-2.pdf">INÊS FILIPA SOUSA SOARES</a></td>
</tr>
<tr>
<td width="680"><a href="https://ebsv-dev.edu.azores.gov.pt/wp-content/uploads/2019/09/Isacc-Oliveira-1.pdf">ISAAC MIGUEL SOUSA OLIVEIRA</a></td>
</tr>
<tr>
<td width="680"><a href="https://ebsv-dev.edu.azores.gov.pt/wp-content/uploads/2019/09/Kevin-Silva-1.pdf">KEVIN FERNANDO OLIVEIRA SILVA</a></td>
</tr>
<tr>
<td width="680"><a href="https://ebsv-dev.edu.azores.gov.pt/wp-content/uploads/2019/09/Leonardo-Silveira-1.pdf">LEONARDO SILVEIRA</a></td>
</tr>
<tr>
<td width="680"><a href="https://ebsv-dev.edu.azores.gov.pt/wp-content/uploads/2019/09/Marisa-Freitas-1.pdf">MARISA MARIA FREITAS</a></td>
</tr>
<tr>
<td width="680"><a href="https://ebsv-dev.edu.azores.gov.pt/wp-content/uploads/2019/09/Martim-Matos-1.pdf">MARTIM MACHADO DE MATOS</a></td>
</tr>
<tr>
<td width="680"><a href="https://ebsv-dev.edu.azores.gov.pt/wp-content/uploads/2019/09/Pedro-Pereira-1.pdf">PEDRO ALEXANDRE PEREIRA</a></td>
</tr>
<tr>
<td width="680"><a href="https://ebsv-dev.edu.azores.gov.pt/wp-content/uploads/2019/09/Ana-Matias-1.pdf">ANA ISABELA FREITAS MATIAS</a></td>
</tr>
<tr>
<td width="680"><a href="https://ebsv-dev.edu.azores.gov.pt/wp-content/uploads/2019/09/Andre-Pereira-1.pdf">ANDRÉ MARCELO COSTA PEREIRA</a></td>
</tr>
<tr>
<td width="680"><a href="https://ebsv-dev.edu.azores.gov.pt/wp-content/uploads/2019/09/Beatriz-Monsanto-1.pdf">BEATRIZ SOARES MONSANTO</a></td>
</tr>
<tr>
<td width="680"><a href="https://ebsv-dev.edu.azores.gov.pt/wp-content/uploads/2019/09/Carolina-Correia-1.pdf">CAROLINA NUNES CORREIA</a></td>
</tr>
<tr>
<td width="680"><a href="https://ebsv.edu.azores.gov.pt/wp-content/uploads/sites/38/2019/09/Gonçalo-Bettencourt.pdf">GONÇALO CUSTÓDIO BETTENCOURT</a></td>
</tr>
<tr>
<td width="680"><a href="https://ebsv-dev.edu.azores.gov.pt/wp-content/uploads/2019/09/Mara-Sousa-1.pdf">MARA MONTEIRO SOUSA</a></td>
</tr>
<tr>
<td width="680"><a href="https://ebsv-dev.edu.azores.gov.pt/wp-content/uploads/2019/09/Margarida-Azevedo-1.pdf">MARGARIDA RODRIGUES AZEVEDO</a></td>
</tr>
<tr>
<td width="680"><a href="https://ebsv-dev.edu.azores.gov.pt/wp-content/uploads/2019/09/Maria-Helena-Bettencourt-1.pdf">MARIA HELENA SOUSA BETTENCOURT</a></td>
</tr>
<tr>
<td width="680"><a href="https://ebsv-dev.edu.azores.gov.pt/wp-content/uploads/2019/09/Marta-Silva-1.pdf">MARTA BORGES SILVA</a></td>
</tr>
<tr>
<td width="680"><a href="https://ebsv-dev.edu.azores.gov.pt/wp-content/uploads/2019/09/Marta-Branco-1.pdf">MARTA SOFIA SOARES BRANCO</a></td>
</tr>
<tr>
<td width="680"><a href="https://ebsv-dev.edu.azores.gov.pt/wp-content/uploads/2019/09/Martim-Sousa-1.pdf">MARTIM AUGUSTO OLIVEIRA SOUSA</a></td>
</tr>
<tr>
<td width="680"><a href="https://ebsv-dev.edu.azores.gov.pt/wp-content/uploads/2019/09/Mateus-Avila-1.pdf">MATEUS JOSÉ QUADROS ÁVILA</a></td>
</tr>
<tr>
<td width="680"><a href="https://ebsv-dev.edu.azores.gov.pt/wp-content/uploads/2019/09/Ariana-Pina-1.pdf">ARIANA MACHADO DE PINA</a></td>
</tr>
<tr>
<td width="680"><a href="https://ebsv-dev.edu.azores.gov.pt/wp-content/uploads/2019/09/Dalila-Costa-1.pdf">DALILA CARDOSO COSTA</a></td>
</tr>
<tr>
<td width="680"><a href="https://ebsv-dev.edu.azores.gov.pt/wp-content/uploads/2019/09/Gustavo-Pereira-1.pdf">GUSTAVO PIMENTEL DA SILVEIRA MAGINA PEREIRA</a></td>
</tr>
<tr>
<td width="680"><a href="https://ebsv-dev.edu.azores.gov.pt/wp-content/uploads/2019/09/Leonardo-Nunes-1.pdf">LEONARDO DUTRA NUNES</a></td>
</tr>
<tr>
<td width="680"><a href="https://ebsv-dev.edu.azores.gov.pt/wp-content/uploads/2019/09/Mariana-Pires-1.pdf">MARIANA ANDRADE PIRES</a></td>
</tr>
<tr>
<td width="680"><a href="https://ebsv-dev.edu.azores.gov.pt/wp-content/uploads/2019/09/Mariana-Lopes-1.pdf">MARIANA RAMOS LOPES</a></td>
</tr>
<tr>
<td width="680"><a href="https://ebsv-dev.edu.azores.gov.pt/wp-content/uploads/2019/09/Martim-Machado-1.pdf">MARTIM SILVA MACHADO</a></td>
</tr>
<tr>
<td width="680"><a href="https://ebsv-dev.edu.azores.gov.pt/wp-content/uploads/2019/09/Martinho-Silveira-1.pdf">MARTINHO SOARES DOS SANTOS SILVEIRA</a></td>
</tr>
<tr>
<td width="680"><a href="https://ebsv-dev.edu.azores.gov.pt/wp-content/uploads/2019/09/Mateus-Matos-1-1.pdf">MATEUS FREITAS DE MATOS</a></td>
</tr>
<tr>
<td width="680"><a href="https://ebsv-dev.edu.azores.gov.pt/wp-content/uploads/2019/09/Miriam-Matos-1.pdf">MIRIAM BRASIL MATOS</a></td>
</tr>
<tr>
<td width="680"><a href="https://ebsv-dev.edu.azores.gov.pt/wp-content/uploads/2019/09/Nuno-Mesquita-1.pdf">NUNO GUILHERME DA SILVA MESQUITA</a></td>
</tr>
<tr>
<td width="680"><a href="https://ebsv-dev.edu.azores.gov.pt/wp-content/uploads/2019/09/Petra-Bettencourt-1.pdf">PETRA DE MATOS BETTENCOURT</a></td>
</tr>
<tr>
<td width="680"><a href="https://ebsv-dev.edu.azores.gov.pt/wp-content/uploads/2019/09/Goncalo-Bertao-1.pdf">GONÇALO SILVEIRA BERTÃO</a></td>
</tr>
<tr>
<td width="680"><a href="https://ebsv-dev.edu.azores.gov.pt/wp-content/uploads/2019/09/Rita-Cabral-1.pdf">RITA RAMOS CABRAL</a></td>
</tr>
<tr>
<td width="680"><a href="https://ebsv-dev.edu.azores.gov.pt/wp-content/uploads/2019/09/Marcelo-Reis-1.pdf">MARCELO BETTENCOURT REIS</a></td>
</tr>
<tr>
<td width="680"><a href="https://ebsv-dev.edu.azores.gov.pt/wp-content/uploads/2019/09/Vando-Bettencourt-1.pdf">VANDO BRASIL CABRAL BETTENCOURT</a></td>
</tr>
<tr>
<td width="680"><a href="https://ebsv-dev.edu.azores.gov.pt/wp-content/uploads/2019/09/Vitorio-Iori-1.pdf">VITÓRIO FILIPE ARRUDA IORI</a></td>
</tr>
<tr>
<td width="680"><a href="https://ebsv-dev.edu.azores.gov.pt/wp-content/uploads/2019/09/Michael-Borba-1.pdf">MICHAEL OLIVEIRA BORBA</a></td>
</tr>
<tr>
<td width="680"><a href="https://ebsv-dev.edu.azores.gov.pt/wp-content/uploads/2019/09/Murilo-Ataide-1.pdf">MURILO ANDRÉ ALVES ATAÍDE</a></td>
</tr>
<tr>
<td width="680"><a href="https://ebsv-dev.edu.azores.gov.pt/wp-content/uploads/2019/09/Raissa-Raposo-1.pdf">RAISSA CAROLINA REIS RAPOSO</a></td>
</tr>
<tr>
<td width="680"><a href="https://ebsv-dev.edu.azores.gov.pt/wp-content/uploads/2019/09/Silvia-Soares-1.pdf">SÍLVIA BOTELHO SOARES</a></td>
</tr>
<tr>
<td width="680"><a href="https://ebsv-dev.edu.azores.gov.pt/wp-content/uploads/2019/09/Renato-Avila-1.pdf">RENATO EMANUEL SILVEIRA ÁVILA</a></td>
</tr>
<tr>
<td width="680"><a href="https://ebsv-dev.edu.azores.gov.pt/wp-content/uploads/2019/09/Tiago-Soares-1.pdf">TIAGO BETTENCOURT SOARES</a></td>
</tr>
<tr>
<td width="680"><a href="https://ebsv-dev.edu.azores.gov.pt/wp-content/uploads/2019/09/Tomas-Monteiro-1.pdf">TOMÁS HENRIQUE PEREIRA MONTEIRO</a></td>
</tr>
</tbody>
</table>
<p></p>

<p>Para aceder ao RIPA clique no nome do aluno e introduza a respetiva chave. AFONSO LUÍS MEDEIROS FREITAS ANDRÉ DUARTE SOARES CORREIA ANDRÉ NEVES AZEVEDO FRIDA CRISTINA WIETREICH GONÇALO VIEGAS SOFIA INÊS FILIPA SOUSA SOARES ISAAC MIGUEL SOUSA OLIVEIRA KEVIN FERNANDO OLIVEIRA SILVA LEONARDO SILVEIRA MARISA MARIA FREITAS MARTIM MACHADO DE MATOS PEDRO ALEXANDRE PEREIRA</p></div>
<div class="blog-btn"><a href="https://ebsv.edu.azores.gov.pt/?page_id=16826" class="home-blog-btn">Ler mais</a></p>
