{"id":19208,"date":"2020-03-17T16:53:30","date_gmt":"2020-03-17T16:53:30","guid":{"rendered":"http:\/\/ebsv.edu.azores.gov.pt\/wordpress\/?page_id=19208"},"modified":"2020-03-17T16:53:30","modified_gmt":"2020-03-17T16:53:30","slug":"provas-finais-do-9o-ano-e-provas-de-equivalencia-a-frequencia-do-ensino-basico","status":"publish","type":"page","link":"https:\/\/ebsv.edu.azores.gov.pt\/?page_id=19208","title":{"rendered":"Provas de Equival\u00eancia \u00e0 Frequ\u00eancia do Ensino B\u00e1sico"},"content":{"rendered":"<p><a href=\"https:\/\/ebsv-dev.edu.azores.gov.pt\/wp-content\/uploads\/2020\/03\/Instrucoes-Preenchimento-Boletim-Editavel-Inscricoes-Basico-1.pdf\">Instru\u00e7\u00f5es de Preenchimento do Boletim de Inscri\u00e7\u00e3o Edit\u00e1vel do Ensino B\u00e1sico<\/a><\/p>\n<p><a href=\"https:\/\/ebsv-dev.edu.azores.gov.pt\/wp-content\/uploads\/2020\/03\/Boletim-Editavel-Basico-1.pdf\">Boletim Edit\u00e1vel B\u00e1sico<\/a><\/p>\n<p><a href=\"https:\/\/ebsv-dev.edu.azores.gov.pt\/wp-content\/uploads\/2020\/04\/26Norma-1.pdf\">Lista de C\u00f3digos &#8211; Provas de Equival\u00eancia \u00e0 Frequ\u00eancia e Provas a n\u00edvel de Escola do 3\u00ba Ciclo do Ensino B\u00e1sico<\/a><\/p>\n<p>&nbsp;<\/p>\n","protected":false},"excerpt":{"rendered":"<p>Instru\u00e7\u00f5es de Preenchimento do Boletim de Inscri\u00e7\u00e3o Edit\u00e1vel do Ensino B\u00e1sico Boletim Edit\u00e1vel B\u00e1sico Lista de C\u00f3digos &#8211; Provas de Equival\u00eancia \u00e0 Frequ\u00eancia e Provas a n\u00edvel de Escola do 3\u00ba Ciclo do Ensino B\u00e1sico &nbsp;<\/p>\n","protected":false},"author":3,"featured_media":0,"parent":0,"menu_order":0,"comment_status":"closed","ping_status":"closed","template":"","meta":{"_mi_skip_tracking":false,"_monsterinsights_sitenote_active":false,"_monsterinsights_sitenote_note":"","_monsterinsights_sitenote_category":0,"footnotes":""},"class_list":["post-19208","page","type-page","status-publish","hentry"],"acf":[],"_links":{"self":[{"href":"https:\/\/ebsv.edu.azores.gov.pt\/index.php?rest_route=\/wp\/v2\/pages\/19208","targetHints":{"allow":["GET"]}}],"collection":[{"href":"https:\/\/ebsv.edu.azores.gov.pt\/index.php?rest_route=\/wp\/v2\/pages"}],"about":[{"href":"https:\/\/ebsv.edu.azores.gov.pt\/index.php?rest_route=\/wp\/v2\/types\/page"}],"author":[{"embeddable":true,"href":"https:\/\/ebsv.edu.azores.gov.pt\/index.php?rest_route=\/wp\/v2\/users\/3"}],"replies":[{"embeddable":true,"href":"https:\/\/ebsv.edu.azores.gov.pt\/index.php?rest_route=%2Fwp%2Fv2%2Fcomments&post=19208"}],"version-history":[{"count":0,"href":"https:\/\/ebsv.edu.azores.gov.pt\/index.php?rest_route=\/wp\/v2\/pages\/19208\/revisions"}],"wp:attachment":[{"href":"https:\/\/ebsv.edu.azores.gov.pt\/index.php?rest_route=%2Fwp%2Fv2%2Fmedia&parent=19208"}],"curies":[{"name":"wp","href":"https:\/\/api.w.org\/{rel}","templated":true}]}}