{"id":19269,"date":"2020-03-25T14:27:03","date_gmt":"2020-03-25T14:27:03","guid":{"rendered":"http:\/\/ebsv.edu.azores.gov.pt\/wordpress\/?page_id=19269"},"modified":"2020-03-25T14:27:03","modified_gmt":"2020-03-25T14:27:03","slug":"provas-e-exames-2020-3","status":"publish","type":"page","link":"https:\/\/ebsv.edu.azores.gov.pt\/?page_id=19269","title":{"rendered":"Provas e Exames 2020"},"content":{"rendered":"<h4><span style=\"color: #800080\"><b>Mais informa\u00e7\u00f5es sobre provas e exames dispon\u00edveis em:<\/b><\/span><\/h4>\n<div><\/div>\n<div><\/div>\n<ul>\n<li><strong><span style=\"color: #000080\"><a style=\"color: #000080\" href=\"http:\/\/ebsv.edu.azores.gov.pt\/wordpress\/?page_id=18613\">Avalia\u00e7\u00f5es\/ provas e exames &#8211; provas de avalia\u00e7\u00e3o externa<\/a><\/span><\/strong><\/li>\n<\/ul>\n<p>&nbsp;<\/p>\n<ul>\n<li><strong><span style=\"color: #000080\"><a style=\"color: #000080\" href=\"http:\/\/ebsv.edu.azores.gov.pt\/wordpress\/?page_id=18012\">Avalia\u00e7\u00f5es\/ provas e exames &#8211; provas de equival\u00eancia \u00e0 frequ\u00eancia 2020<\/a><\/span><\/strong><\/li>\n<\/ul>\n<p>&nbsp;<\/p>\n<ul>\n<li><span style=\"color: #000080\"><a style=\"color: #000080\" href=\"https:\/\/ebsv-dev.edu.azores.gov.pt\/wp-content\/uploads\/2020\/05\/CalendariodasPEFEBSdeVelas-1.pdf\"><b>Provas de Equival\u00eancia \u00e0 Frequ\u00eancia 2020 (PEF 2020) &#8211; EBS de Velas\u00a0<\/b><\/a><\/span><\/li>\n<\/ul>\n<p>&nbsp;<\/p>\n<ul>\n<li><a href=\"https:\/\/ebsv-dev.edu.azores.gov.pt\/wp-content\/uploads\/2020\/04\/calendarioprovaseexamesdoEnsinoSecundario2020-1.pdf\">Calend\u00e1rio das provas e exames do Ensino Secund\u00e1rio, em anexo<\/a><\/li>\n<\/ul>\n<p>&nbsp;<\/p>\n<ul>\n<li><a href=\"https:\/\/ebsv-dev.edu.azores.gov.pt\/wp-content\/uploads\/2020\/04\/Calendariodasprovasdeequivalenciaqfrequenciadoensinobqsico2020-1.pdf\">Calend\u00e1rio das provas de equival\u00eancia \u00e0 frequ\u00eancia do Ensino B\u00e1sico, em anexo<\/a><\/li>\n<\/ul>\n<p>&nbsp;<\/p>\n<ul>\n<li><a href=\"http:\/\/ebsv.edu.azores.gov.pt\/wordpress\/?page_id=19456\">Orienta\u00e7\u00f5es para o processo de inscri\u00e7\u00e3o nas provas e exames do Ensino Secund\u00e1rio<\/a><\/li>\n<\/ul>\n<p>&nbsp;<\/p>\n<ul>\n<li><a href=\"https:\/\/ebsv-dev.edu.azores.gov.pt\/wp-content\/uploads\/2020\/04\/FAQEnsinoBasico-1.pdf\">FAQ do Ensino B\u00e1sico, em anexo<\/a><\/li>\n<\/ul>\n<p>&nbsp;<\/p>\n<ul>\n<li><a href=\"https:\/\/ebsv-dev.edu.azores.gov.pt\/wp-content\/uploads\/2020\/04\/FAQEnsinoSecundario-1.pdf\">FAQ do Ensino Secund\u00e1rio, em anexo<\/a><\/li>\n<\/ul>\n<p>&nbsp;<\/p>\n<ul>\n<li><a href=\"https:\/\/ebsv-dev.edu.azores.gov.pt\/wp-content\/uploads\/2020\/03\/INFORMACOESPROVA2020-1.pdf\" target=\"_blank\" rel=\"noopener\" data-saferedirecturl=\"https:\/\/www.google.com\/url?q=https:\/\/ebsv-dev.edu.azores.gov.pt\/wp-content\/uploads\/2020\/03\/INFORMACOESPROVA2020-1.pdf&amp;source=gmail&amp;ust=1585232393596000&amp;usg=AFQjCNH4RjtG9sAX9pSOHZxl2VnzpCrOyA\">Informa\u00e7\u00f5es das Provas<\/a><\/li>\n<\/ul>\n<p>&nbsp;<\/p>\n<ul>\n<li><a href=\"http:\/\/ebsv.edu.azores.gov.pt\/wordpress\/?page_id=19208\" target=\"_blank\" rel=\"noopener\" data-saferedirecturl=\"https:\/\/www.google.com\/url?q=http:\/\/ebsv.edu.azores.gov.pt\/wordpress\/?page_id%3D19208&amp;source=gmail&amp;ust=1585232393597000&amp;usg=AFQjCNEHKVsJI8QMf9v8FISBkmlEEJ-5PA\"><span style=\"color: #000000\"><strong>Inscri\u00e7\u00f5es<\/strong><\/span> &#8211; Provas Finais do 9\u00ba ano e Provas de Equival\u00eancia \u00e0 frequ\u00eancia do Ensino B\u00e1sico<\/a><\/li>\n<\/ul>\n<p>&nbsp;<\/p>\n<ul>\n<li><a href=\"http:\/\/ebsv.edu.azores.gov.pt\/wordpress\/?page_id=19210\" target=\"_blank\" rel=\"noopener\" data-saferedirecturl=\"https:\/\/www.google.com\/url?q=http:\/\/ebsv.edu.azores.gov.pt\/wordpress\/?page_id%3D19210&amp;source=gmail&amp;ust=1585232393597000&amp;usg=AFQjCNERFKvmJKDF9nDCnnbHENWESPAcFg\"><span style=\"color: #000000\"><strong>Inscri\u00e7\u00f5es<\/strong><\/span> &#8211; Exames e Provas de Equival\u00eancia \u00e0 Frequ\u00eancia do Ensino Secund\u00e1rio\u00a0<\/a><\/li>\n<\/ul>\n<p>&nbsp;<\/p>\n<ul>\n<li><a href=\"https:\/\/ebsv-dev.edu.azores.gov.pt\/wp-content\/uploads\/2020\/03\/PrerequisitosUniversidadedoPorto-1.pdf\" target=\"_blank\" rel=\"noopener\" data-saferedirecturl=\"https:\/\/www.google.com\/url?q=https:\/\/ebsv-dev.edu.azores.gov.pt\/wp-content\/uploads\/2020\/03\/PrerequisitosUniversidadedoPorto-1.pdf&amp;source=gmail&amp;ust=1585232393597000&amp;usg=AFQjCNFVe_izYmn6MpHn9y7fVL0gtd5AXw\">Informa\u00e7\u00e3o|Prorroga\u00e7\u00e3o \u2013 Prazo Inscri\u00e7\u00e3o Pr\u00e9-Requisitos \u2013 Grupo C<\/a><\/li>\n<\/ul>\n","protected":false},"excerpt":{"rendered":"<p>Mais informa\u00e7\u00f5es sobre provas e exames dispon\u00edveis em: Avalia\u00e7\u00f5es\/ provas e exames &#8211; provas de avalia\u00e7\u00e3o externa &nbsp; Avalia\u00e7\u00f5es\/ provas e exames &#8211; provas de equival\u00eancia \u00e0 frequ\u00eancia 2020 &nbsp; Provas de Equival\u00eancia \u00e0 Frequ\u00eancia 2020 (PEF 2020) &#8211; EBS de Velas\u00a0 &nbsp; Calend\u00e1rio das provas e exames do Ensino Secund\u00e1rio, em anexo &nbsp; Calend\u00e1rio<\/p><\/div>\n<div class=\"blog-btn\"><a href=\"https:\/\/ebsv.edu.azores.gov.pt\/?page_id=19269\" class=\"home-blog-btn\">Ler mais<\/a><\/p>\n","protected":false},"author":3,"featured_media":0,"parent":0,"menu_order":0,"comment_status":"closed","ping_status":"closed","template":"","meta":{"_mi_skip_tracking":false,"_monsterinsights_sitenote_active":false,"_monsterinsights_sitenote_note":"","_monsterinsights_sitenote_category":0,"footnotes":""},"class_list":["post-19269","page","type-page","status-publish","hentry"],"acf":[],"_links":{"self":[{"href":"https:\/\/ebsv.edu.azores.gov.pt\/index.php?rest_route=\/wp\/v2\/pages\/19269","targetHints":{"allow":["GET"]}}],"collection":[{"href":"https:\/\/ebsv.edu.azores.gov.pt\/index.php?rest_route=\/wp\/v2\/pages"}],"about":[{"href":"https:\/\/ebsv.edu.azores.gov.pt\/index.php?rest_route=\/wp\/v2\/types\/page"}],"author":[{"embeddable":true,"href":"https:\/\/ebsv.edu.azores.gov.pt\/index.php?rest_route=\/wp\/v2\/users\/3"}],"replies":[{"embeddable":true,"href":"https:\/\/ebsv.edu.azores.gov.pt\/index.php?rest_route=%2Fwp%2Fv2%2Fcomments&post=19269"}],"version-history":[{"count":0,"href":"https:\/\/ebsv.edu.azores.gov.pt\/index.php?rest_route=\/wp\/v2\/pages\/19269\/revisions"}],"wp:attachment":[{"href":"https:\/\/ebsv.edu.azores.gov.pt\/index.php?rest_route=%2Fwp%2Fv2%2Fmedia&parent=19269"}],"curies":[{"name":"wp","href":"https:\/\/api.w.org\/{rel}","templated":true}]}}