{"id":23686,"date":"2022-04-22T14:06:42","date_gmt":"2022-04-22T15:06:42","guid":{"rendered":"http:\/\/ebsv.edu.azores.gov.pt\/wordpress\/?page_id=23686"},"modified":"2022-04-22T14:06:42","modified_gmt":"2022-04-22T15:06:42","slug":"2020-2","status":"publish","type":"page","link":"https:\/\/ebsv.edu.azores.gov.pt\/?page_id=23686","title":{"rendered":"Conta de Ger\u00eancia 2020"},"content":{"rendered":"\n<h2 class=\"wp-block-heading\">Or\u00e7amento<\/h2>\n\n\n\n<ul class=\"wp-block-list\"><li><a href=\"https:\/\/ebsv-dev.edu.azores.gov.pt\/wp-content\/uploads\/2020\/05\/orcamentoordinario202005-1.pdf\">Or\u00e7amento ordin\u00e1rio 2020<\/a><\/li><li><\/li><\/ul>\n\n\n\n<h2 class=\"wp-block-heading\">Fundo Escolar<\/h2>\n\n\n\n<ul class=\"wp-block-list\"><li><a href=\"https:\/\/ebsv-dev.edu.azores.gov.pt\/wp-content\/uploads\/2021\/04\/03_Controlo-Orcamental-Despesa-1.pdf\">Controlo Or\u00e7amental despesa<\/a><\/li><li><a href=\"https:\/\/ebsv-dev.edu.azores.gov.pt\/wp-content\/uploads\/2021\/04\/04_Controlo-Orcamental-Receita-1.pdf\">Controlo Or\u00e7amental da receita<\/a><\/li><li><a href=\"https:\/\/ebsv-dev.edu.azores.gov.pt\/wp-content\/uploads\/2021\/04\/01_Balanco-ativo-1.pdf\">Balan\u00e7o ativo<\/a><\/li><li><a href=\"https:\/\/ebsv-dev.edu.azores.gov.pt\/wp-content\/uploads\/2021\/04\/02_Balanco-passivo-1.pdf\">Balan\u00e7o Fundos Pr\u00f3prios e Passivos<\/a><\/li><li><a href=\"https:\/\/ebsv-dev.edu.azores.gov.pt\/wp-content\/uploads\/2021\/04\/02_Demonst-de-resultados-1.pdf\">Demonstra\u00e7\u00e3o de Resultados<\/a><\/li><li><a href=\"https:\/\/ebsv-dev.edu.azores.gov.pt\/wp-content\/uploads\/2021\/04\/05_Fluxos-de-caixa-2020-completo-1.pdf\">Fluxo de Caixa<\/a><\/li><li><a href=\"https:\/\/ebsv-dev.edu.azores.gov.pt\/wp-content\/uploads\/2021\/04\/Relat-de-Gestao-2020-FE-PDF-1.pdf\">Relat\u00f3rio de Gest\u00e3o 2020<\/a><\/li><li><a href=\"https:\/\/ebsv-dev.edu.azores.gov.pt\/wp-content\/uploads\/2021\/04\/17_18-Anexo-a-demonst-Financeira-2020-1.pdf\">Anexo \u00e0 Demonstra\u00e7\u00e3o Financeira 2020<\/a><\/li><\/ul>\n\n\n\n<h2 class=\"wp-block-heading\">Or\u00e7amentos Suplementares<\/h2>\n\n\n\n<ul class=\"wp-block-list\"><li><a href=\"https:\/\/ebsv-dev.edu.azores.gov.pt\/wp-content\/uploads\/2021\/04\/1-1.pdf\">1\u00ba Or\u00e7amento Suplementar<\/a><\/li><li><a href=\"https:\/\/ebsv-dev.edu.azores.gov.pt\/wp-content\/uploads\/2021\/04\/2-1.pdf\">2\u00ba Or\u00e7amento Suplementar<\/a><\/li><li><a href=\"https:\/\/ebsv-dev.edu.azores.gov.pt\/wp-content\/uploads\/2021\/04\/3-1.pdf\">3\u00ba Or\u00e7amento Suplementar<\/a><\/li><li><a href=\"https:\/\/ebsv-dev.edu.azores.gov.pt\/wp-content\/uploads\/2021\/04\/4-1.pdf\">4\u00ba Or\u00e7amento Suplementar<\/a><\/li><li><a href=\"https:\/\/ebsv-dev.edu.azores.gov.pt\/wp-content\/uploads\/2021\/04\/5-1.pdf\">5\u00ba Or\u00e7amento Suplementar<\/a><\/li><li><a href=\"https:\/\/ebsv-dev.edu.azores.gov.pt\/wp-content\/uploads\/2021\/04\/6-compactado-1.pdf\">6\u00ba Or\u00e7amento Suplementar<\/a><\/li><li><a href=\"https:\/\/ebsv-dev.edu.azores.gov.pt\/wp-content\/uploads\/2021\/04\/7-compactado-1.pdf\">7\u00ba Or\u00e7amento Suplementar<\/a><\/li><li><a href=\"https:\/\/ebsv-dev.edu.azores.gov.pt\/wp-content\/uploads\/2021\/04\/8-1.pdf\">8\u00ba Or\u00e7amento Suplementar<\/a><\/li><li><a href=\"https:\/\/ebsv-dev.edu.azores.gov.pt\/wp-content\/uploads\/2021\/04\/9-1.pdf\">9\u00ba Or\u00e7amento Suplementar<\/a><\/li><li><a href=\"https:\/\/ebsv-dev.edu.azores.gov.pt\/wp-content\/uploads\/2021\/04\/10-1.pdf\">10\u00ba Or\u00e7amento Suplementar<\/a><\/li><li><a href=\"https:\/\/ebsv-dev.edu.azores.gov.pt\/wp-content\/uploads\/2021\/04\/11-1.pdf\">11\u00ba Or\u00e7amento Suplementar<\/a><\/li><li><a href=\"https:\/\/ebsv-dev.edu.azores.gov.pt\/wp-content\/uploads\/2021\/04\/12-1.pdf\">12\u00ba Or\u00e7amento Suplementar<\/a><\/li><li><a href=\"https:\/\/ebsv-dev.edu.azores.gov.pt\/wp-content\/uploads\/2021\/04\/13-1.pdf\">13\u00ba Or\u00e7amento Suplementar<\/a><\/li><li><a href=\"https:\/\/ebsv-dev.edu.azores.gov.pt\/wp-content\/uploads\/2021\/04\/14-compressed-1.pdf\">14\u00ba Or\u00e7amento Suplementar<\/a><\/li><li><a href=\"https:\/\/ebsv-dev.edu.azores.gov.pt\/wp-content\/uploads\/2021\/04\/15-1.pdf\">15\u00ba Or\u00e7amento Suplementar<\/a><\/li><li><a href=\"https:\/\/ebsv-dev.edu.azores.gov.pt\/wp-content\/uploads\/2021\/04\/16-1.pdf\">16\u00ba Or\u00e7amento Suplementar<\/a><\/li><li><a href=\"https:\/\/ebsv-dev.edu.azores.gov.pt\/wp-content\/uploads\/2021\/04\/17-1.pdf\">17\u00ba Or\u00e7amento Suplementar<\/a><\/li><li><a href=\"https:\/\/ebsv-dev.edu.azores.gov.pt\/wp-content\/uploads\/2021\/04\/Orcamento-Ordinario-2020-1.pdf\">Or\u00e7amento Ordin\u00e1rio<\/a><\/li><\/ul>\n\n\n\n<h2 class=\"wp-block-heading\">Balan\u00e7o Social<\/h2>\n\n\n\n<ul class=\"wp-block-list\"><li><a href=\"https:\/\/ebsv-dev.edu.azores.gov.pt\/wp-content\/uploads\/2021\/04\/Quadro-1-1.pdf\">Quadro 1 \u2013 Contagem de trabalhadores por V\u00ednculo<\/a><\/li><li><a href=\"https:\/\/ebsv-dev.edu.azores.gov.pt\/wp-content\/uploads\/2021\/04\/Quadro-2-1-1.pdf\">Quadro 2 \u2013 Contagem de trabalhadores por idade<\/a><\/li><li><a href=\"https:\/\/ebsv-dev.edu.azores.gov.pt\/wp-content\/uploads\/2021\/04\/Quadro-3-1-1.pdf\">Quadro 3 \u2013 Contagem de trabalhadores antiguidade<\/a><\/li><li><a href=\"https:\/\/ebsv-dev.edu.azores.gov.pt\/wp-content\/uploads\/2021\/04\/Quadro-4-1-1.pdf\">Quadro 4 \u2013 Contagem de trabalhadores por n\u00edvel de escolaridade<\/a><\/li><li><a href=\"https:\/\/ebsv-dev.edu.azores.gov.pt\/wp-content\/uploads\/2021\/04\/Quadro-5-1.pdf\">Quadro 5 \u2013 Contagem de trabalhadores por escolaridade estrangeira<\/a><\/li><li><a href=\"https:\/\/ebsv-dev.edu.azores.gov.pt\/wp-content\/uploads\/2021\/04\/Quadro-6-1.pdf\">Quadro 6 \u2013 Contagem de trabalhadores por defici\u00eancia<\/a><\/li><li><a href=\"https:\/\/ebsv-dev.edu.azores.gov.pt\/wp-content\/uploads\/2021\/04\/Quadro-7-1-1.pdf\">Quadro 7 \u2013 Contagem de trabalhadores admitidos e regressaram ao servi\u00e7o<\/a><\/li><li><a href=\"https:\/\/ebsv-dev.edu.azores.gov.pt\/wp-content\/uploads\/2021\/04\/Quadro-8-1-1.pdf\">Quadro 8 \u2013 Contagem de sa\u00edda de trabalhadores nomeados ou em comiss\u00e3o de servi\u00e7o<\/a><\/li><li><a href=\"https:\/\/ebsv-dev.edu.azores.gov.pt\/wp-content\/uploads\/2021\/04\/Quadro-9-1-1.pdf\">Quadro 9- Contagem de sa\u00edda de trabalhadores contratados<\/a><\/li><li><a href=\"https:\/\/ebsv-dev.edu.azores.gov.pt\/wp-content\/uploads\/2021\/04\/Quadro-10-1-1.pdf\">Quadro 10- Contagem de Postos de trabalho previstos e n\u00e3o ocupados durante o ano<\/a><\/li><li><a href=\"https:\/\/ebsv-dev.edu.azores.gov.pt\/wp-content\/uploads\/2021\/04\/Quadro-11-1.pdf\">Quadro 11- Contagem das mudan\u00e7as de situa\u00e7\u00e3o de trabalhadores<\/a><\/li><li><a href=\"https:\/\/ebsv-dev.edu.azores.gov.pt\/wp-content\/uploads\/2021\/04\/Quadro-12-1.pdf\">Quadro 12 \u2013 Contagem de modalidade de hor\u00e1rio<\/a><\/li><li><a href=\"https:\/\/ebsv-dev.edu.azores.gov.pt\/wp-content\/uploads\/2021\/04\/Quadro-13-1-1.pdf\">Quadro 13-Contagem de trabalhadores segundo o per\u00edodo normal de trabalho<\/a><\/li><li><a href=\"https:\/\/ebsv-dev.edu.azores.gov.pt\/wp-content\/uploads\/2021\/04\/Quadro-14-1-1.pdf\">Quadro 14 \u2013 Contagem de horas de trabalho extraordin\u00e1rio<\/a><\/li><li><a href=\"https:\/\/ebsv-dev.edu.azores.gov.pt\/wp-content\/uploads\/2021\/04\/Quadro-14_1-1-1.pdf\">Quadro 14.1 \u2013 Contagem das horas de trabalho noturno<\/a><\/li><li><a href=\"https:\/\/ebsv-dev.edu.azores.gov.pt\/wp-content\/uploads\/2021\/04\/Quadro-15-1.pdf\">Quadro 15- Contagem dos dias de aus\u00eancia<\/a><\/li><li><a href=\"https:\/\/ebsv-dev.edu.azores.gov.pt\/wp-content\/uploads\/2021\/04\/Quadro-16-1.pdf\">Quadro 16- Contagem de trabalhadores em greve<\/a><\/li><li><a href=\"https:\/\/ebsv-dev.edu.azores.gov.pt\/wp-content\/uploads\/2021\/04\/Quadro-17-1-1.pdf\">Quadro 17 \u2013 Estrutura Remunerat\u00f3ria<\/a><\/li><li><a href=\"https:\/\/ebsv-dev.edu.azores.gov.pt\/wp-content\/uploads\/2021\/04\/Quadro-18-1-1.pdf\">Quadro 18 \u2013 Total dos encargos com pessoal<\/a><\/li><li><a href=\"https:\/\/ebsv-dev.edu.azores.gov.pt\/wp-content\/uploads\/2021\/04\/Quadro-27-1-1.pdf\">Quadro 27 \u2013 Contagem Relativa a participa\u00e7\u00e3o em a\u00e7\u00f5es de forma\u00e7\u00e3o<\/a><\/li><li><a href=\"https:\/\/ebsv-dev.edu.azores.gov.pt\/wp-content\/uploads\/2021\/04\/Quadro-28-1.pdf\">Quadro 28- Contagem relativa a participa\u00e7\u00e3o de a\u00e7\u00f5es de forma\u00e7\u00e3o segundo o tipo de a\u00e7\u00e3o<\/a><\/li><li><a href=\"https:\/\/ebsv-dev.edu.azores.gov.pt\/wp-content\/uploads\/2021\/04\/Quadro-29-1.pdf\">Quadro 29- Contagem de horas despendidas em forma\u00e7\u00e3o<\/a><\/li><li><a href=\"https:\/\/ebsv-dev.edu.azores.gov.pt\/wp-content\/uploads\/2021\/04\/Quadro-30-1.pdf\">Quadro 30 \u2013 Despesas anuais com forma\u00e7\u00e3o<\/a><\/li><li><a href=\"https:\/\/ebsv-dev.edu.azores.gov.pt\/wp-content\/uploads\/2021\/04\/Quadro-31-1.pdf\">Quadro 31 \u2013 Rela\u00e7\u00f5es Profissionais<\/a><\/li><\/ul>\n","protected":false},"excerpt":{"rendered":"<p>Or\u00e7amento Or\u00e7amento ordin\u00e1rio 2020 Fundo Escolar Controlo Or\u00e7amental despesa Controlo Or\u00e7amental da receita Balan\u00e7o ativo Balan\u00e7o Fundos Pr\u00f3prios e Passivos Demonstra\u00e7\u00e3o de Resultados Fluxo de Caixa Relat\u00f3rio de Gest\u00e3o 2020 Anexo \u00e0 Demonstra\u00e7\u00e3o Financeira 2020 Or\u00e7amentos Suplementares 1\u00ba Or\u00e7amento Suplementar 2\u00ba Or\u00e7amento Suplementar 3\u00ba Or\u00e7amento Suplementar 4\u00ba Or\u00e7amento Suplementar 5\u00ba Or\u00e7amento Suplementar 6\u00ba Or\u00e7amento Suplementar<\/p><\/div>\n<div class=\"blog-btn\"><a href=\"https:\/\/ebsv.edu.azores.gov.pt\/?page_id=23686\" class=\"home-blog-btn\">Ler mais<\/a><\/p>\n","protected":false},"author":3,"featured_media":0,"parent":0,"menu_order":0,"comment_status":"closed","ping_status":"closed","template":"","meta":{"_mi_skip_tracking":false,"_monsterinsights_sitenote_active":false,"_monsterinsights_sitenote_note":"","_monsterinsights_sitenote_category":0,"footnotes":""},"class_list":["post-23686","page","type-page","status-publish","hentry"],"acf":[],"_links":{"self":[{"href":"https:\/\/ebsv.edu.azores.gov.pt\/index.php?rest_route=\/wp\/v2\/pages\/23686","targetHints":{"allow":["GET"]}}],"collection":[{"href":"https:\/\/ebsv.edu.azores.gov.pt\/index.php?rest_route=\/wp\/v2\/pages"}],"about":[{"href":"https:\/\/ebsv.edu.azores.gov.pt\/index.php?rest_route=\/wp\/v2\/types\/page"}],"author":[{"embeddable":true,"href":"https:\/\/ebsv.edu.azores.gov.pt\/index.php?rest_route=\/wp\/v2\/users\/3"}],"replies":[{"embeddable":true,"href":"https:\/\/ebsv.edu.azores.gov.pt\/index.php?rest_route=%2Fwp%2Fv2%2Fcomments&post=23686"}],"version-history":[{"count":0,"href":"https:\/\/ebsv.edu.azores.gov.pt\/index.php?rest_route=\/wp\/v2\/pages\/23686\/revisions"}],"wp:attachment":[{"href":"https:\/\/ebsv.edu.azores.gov.pt\/index.php?rest_route=%2Fwp%2Fv2%2Fmedia&parent=23686"}],"curies":[{"name":"wp","href":"https:\/\/api.w.org\/{rel}","templated":true}]}}