{"id":23771,"date":"2022-05-02T10:12:58","date_gmt":"2022-05-02T11:12:58","guid":{"rendered":"http:\/\/ebsv.edu.azores.gov.pt\/wordpress\/?page_id=23771"},"modified":"2022-05-02T10:12:58","modified_gmt":"2022-05-02T11:12:58","slug":"formacao-docentes-2","status":"publish","type":"page","link":"https:\/\/ebsv.edu.azores.gov.pt\/?page_id=23771","title":{"rendered":"Forma\u00e7\u00e3o Docentes"},"content":{"rendered":"\n<p><strong>A\u00c7\u00c3O N\u00ba 02\/2022<br>Maturidade e escolaridade obrigat\u00f3ria Manifesta\u00e7\u00f5es depressivas da inf\u00e2ncia \u00e0 adolesc\u00eancia<\/strong><\/p>\n\n\n\n<p><a href=\"https:\/\/ebsv-dev.edu.azores.gov.pt\/wp-content\/uploads\/2022\/05\/Programa_Dr-Paulo-Passos-1.pdf\">Programa<\/a><\/p>\n\n\n\n<p><a href=\"https:\/\/ebsv-dev.edu.azores.gov.pt\/wp-content\/uploads\/2022\/05\/CARTAZ-_DR-PAULO-PASSOS-1.pdf\">Cartaz<\/a><\/p>\n\n\n\n<p><strong>A\u00c7\u00c3O N\u00ba 03\/2022<br>MATEM\u00c1TICA, ARTE E JOGOS COM GEOGEBRA<\/strong><\/p>\n\n\n\n<p><a href=\"https:\/\/ebsv-dev.edu.azores.gov.pt\/wp-content\/uploads\/2022\/05\/Programa_Geogebra-Carla-Silveira-1.pdf\">Programa<\/a><\/p>\n\n\n\n<p><a href=\"https:\/\/ebsv-dev.edu.azores.gov.pt\/wp-content\/uploads\/2022\/05\/CARTAZ-_CARLA-SILVEIRA-1.pdf\">Cartaz<\/a><\/p>\n\n\n\n<p><strong>A\u00c7\u00c3O N\u00ba 05\/2022<br>Os RPG e as atividades de Role Playing na Aquisi\u00e7\u00e3o e Express\u00e3o de Conhecimentos em contexto de sala de aula<\/strong><\/p>\n\n\n\n<p><a href=\"https:\/\/ebsv-dev.edu.azores.gov.pt\/wp-content\/uploads\/2022\/06\/Programa_Vitor-Soares-1.pdf\">Programa <\/a><\/p>\n\n\n\n<p><a href=\"https:\/\/ebsv-dev.edu.azores.gov.pt\/wp-content\/uploads\/2022\/05\/CARTAZ-_VITOR-SOARES-1.pdf\">Cartaz<\/a><\/p>\n\n\n\n<hr class=\"wp-block-separator\" \/>\n\n\n\n<p><a href=\"https:\/\/ebsv-dev.edu.azores.gov.pt\/wp-content\/uploads\/2022\/07\/Ficha-de-Inscricao-Formacao-Docentes-1.docx\">Ficha de Inscri\u00e7\u00e3o<\/a><\/p>\n\n\n\n<p><\/p>\n\n\n\n<p>Pagamento das inscri\u00e7\u00f5es  via transfer\u00eancia banc\u00e1ria para a conta no Santander Totta<\/p>\n\n\n\n<p>Escola B\u00e1sica e Secund\u00e1ria Velas<\/p>\n\n\n\n<p>IBAN <strong>PT50 0018 000806931850020 68<\/strong><\/p>\n\n\n\n<p><\/p>\n\n\n\n<h2 class=\"wp-block-heading\">Coordenadora do Centro de Forma\u00e7\u00e3o<\/h2>\n\n\n\n<p><strong>Maria Margarida Freitas Matos Soares<\/strong><\/p>\n\n\n\n<p>E-mail:  Maria.MFM.Soares@edu.azores.gov.pt<\/p>\n","protected":false},"excerpt":{"rendered":"<p>A\u00c7\u00c3O N\u00ba 02\/2022Maturidade e escolaridade obrigat\u00f3ria Manifesta\u00e7\u00f5es depressivas da inf\u00e2ncia \u00e0 adolesc\u00eancia Programa Cartaz A\u00c7\u00c3O N\u00ba 03\/2022MATEM\u00c1TICA, ARTE E JOGOS COM GEOGEBRA Programa Cartaz A\u00c7\u00c3O N\u00ba 05\/2022Os RPG e as atividades de Role Playing na Aquisi\u00e7\u00e3o e Express\u00e3o de Conhecimentos em contexto de sala de aula Programa Cartaz Ficha de Inscri\u00e7\u00e3o Pagamento das inscri\u00e7\u00f5es via<\/p><\/div>\n<div class=\"blog-btn\"><a href=\"https:\/\/ebsv.edu.azores.gov.pt\/?page_id=23771\" class=\"home-blog-btn\">Ler mais<\/a><\/p>\n","protected":false},"author":3,"featured_media":0,"parent":0,"menu_order":0,"comment_status":"closed","ping_status":"closed","template":"","meta":{"_mi_skip_tracking":false,"_monsterinsights_sitenote_active":false,"_monsterinsights_sitenote_note":"","_monsterinsights_sitenote_category":0,"footnotes":""},"class_list":["post-23771","page","type-page","status-publish","hentry"],"acf":[],"_links":{"self":[{"href":"https:\/\/ebsv.edu.azores.gov.pt\/index.php?rest_route=\/wp\/v2\/pages\/23771","targetHints":{"allow":["GET"]}}],"collection":[{"href":"https:\/\/ebsv.edu.azores.gov.pt\/index.php?rest_route=\/wp\/v2\/pages"}],"about":[{"href":"https:\/\/ebsv.edu.azores.gov.pt\/index.php?rest_route=\/wp\/v2\/types\/page"}],"author":[{"embeddable":true,"href":"https:\/\/ebsv.edu.azores.gov.pt\/index.php?rest_route=\/wp\/v2\/users\/3"}],"replies":[{"embeddable":true,"href":"https:\/\/ebsv.edu.azores.gov.pt\/index.php?rest_route=%2Fwp%2Fv2%2Fcomments&post=23771"}],"version-history":[{"count":0,"href":"https:\/\/ebsv.edu.azores.gov.pt\/index.php?rest_route=\/wp\/v2\/pages\/23771\/revisions"}],"wp:attachment":[{"href":"https:\/\/ebsv.edu.azores.gov.pt\/index.php?rest_route=%2Fwp%2Fv2%2Fmedia&parent=23771"}],"curies":[{"name":"wp","href":"https:\/\/api.w.org\/{rel}","templated":true}]}}