{"id":31164,"date":"2025-07-23T14:45:17","date_gmt":"2025-07-23T14:45:17","guid":{"rendered":"https:\/\/ebsv.edu.azores.gov.pt\/?page_id=31164"},"modified":"2026-02-25T12:32:13","modified_gmt":"2026-02-25T12:32:13","slug":"regime-geral-da-prevencao-e-corrupcao","status":"publish","type":"page","link":"https:\/\/ebsv.edu.azores.gov.pt\/?page_id=31164","title":{"rendered":"Regime Geral da Preven\u00e7\u00e3o e Corrup\u00e7\u00e3o"},"content":{"rendered":"\n<p><a href=\"https:\/\/ebsv.edu.azores.gov.pt\/wp-content\/uploads\/2023\/11\/Plano-corrupcao-2023-1-1.pdf\" target=\"_blank\" rel=\"noreferrer noopener\">Plano de Preven\u00e7\u00e3o da Corrup\u00e7\u00e3o e Infra\u00e7\u00f5es Conexas<\/a><\/p>\n\n\n\n<p><a href=\"https:\/\/ebsv-dev.edu.azores.gov.pt\/wp-content\/uploads\/2023\/12\/Sistema-do-Controlo-Interno-1.pdf\">Sistema de Controlo Interno<\/a><\/p>\n\n\n\n<p><a href=\"https:\/\/ebsv.edu.azores.gov.pt\/wp-content\/uploads\/2026\/01\/Codigo-de-Etica-e-Conduta.pdf\">C\u00f3digo de Conduta<\/a><\/p>\n\n\n\n<p> MENAC <a href=\"https:\/\/mec-anticorrupcao.form.maistransparente.com\/\">Canal de Den\u00fancia +transparente<\/a><\/p>\n\n\n\n<p><\/p>\n","protected":false},"excerpt":{"rendered":"<p>Plano de Preven\u00e7\u00e3o da Corrup\u00e7\u00e3o e Infra\u00e7\u00f5es Conexas Sistema de Controlo Interno C\u00f3digo de Conduta MENAC Canal de Den\u00fancia +transparente<\/p>\n","protected":false},"author":4,"featured_media":0,"parent":0,"menu_order":0,"comment_status":"closed","ping_status":"closed","template":"","meta":{"_mi_skip_tracking":false,"_monsterinsights_sitenote_active":false,"_monsterinsights_sitenote_note":"","_monsterinsights_sitenote_category":0,"footnotes":""},"class_list":["post-31164","page","type-page","status-publish","hentry"],"acf":[],"_links":{"self":[{"href":"https:\/\/ebsv.edu.azores.gov.pt\/index.php?rest_route=\/wp\/v2\/pages\/31164","targetHints":{"allow":["GET"]}}],"collection":[{"href":"https:\/\/ebsv.edu.azores.gov.pt\/index.php?rest_route=\/wp\/v2\/pages"}],"about":[{"href":"https:\/\/ebsv.edu.azores.gov.pt\/index.php?rest_route=\/wp\/v2\/types\/page"}],"author":[{"embeddable":true,"href":"https:\/\/ebsv.edu.azores.gov.pt\/index.php?rest_route=\/wp\/v2\/users\/4"}],"replies":[{"embeddable":true,"href":"https:\/\/ebsv.edu.azores.gov.pt\/index.php?rest_route=%2Fwp%2Fv2%2Fcomments&post=31164"}],"version-history":[{"count":5,"href":"https:\/\/ebsv.edu.azores.gov.pt\/index.php?rest_route=\/wp\/v2\/pages\/31164\/revisions"}],"predecessor-version":[{"id":31566,"href":"https:\/\/ebsv.edu.azores.gov.pt\/index.php?rest_route=\/wp\/v2\/pages\/31164\/revisions\/31566"}],"wp:attachment":[{"href":"https:\/\/ebsv.edu.azores.gov.pt\/index.php?rest_route=%2Fwp%2Fv2%2Fmedia&parent=31164"}],"curies":[{"name":"wp","href":"https:\/\/api.w.org\/{rel}","templated":true}]}}