{"id":86,"date":"2014-10-18T23:32:30","date_gmt":"2014-10-18T23:32:30","guid":{"rendered":"http:\/\/127.0.0.1\/wordpress\/?page_id=86"},"modified":"2014-10-18T23:32:30","modified_gmt":"2014-10-18T23:32:30","slug":"conselho-administrativo","status":"publish","type":"page","link":"https:\/\/ebsv.edu.azores.gov.pt\/?page_id=86","title":{"rendered":"Conselho Administrativo"},"content":{"rendered":"<h5><strong><span style=\"color: #000080\">Composi\u00e7\u00e3o<\/span><\/strong><\/h5>\n<p style=\"padding-left: 30px\"><b>Presidente<\/b><\/p>\n<p style=\"text-align: left;padding-left: 60px\" align=\"right\"><span style=\"color: #000000\">V\u00edtor Manuel Assun\u00e7\u00e3o Bernardes<\/span><\/p>\n<p style=\"text-align: left;padding-left: 30px\" align=\"right\"><span style=\"color: #000000\">\u00a0<b>Vice-Presidente<\/b><\/span><\/p>\n<p style=\"text-align: left;padding-left: 60px\" align=\"right\"><span style=\"color: #000000\">Maria de Lurdes da Concei\u00e7\u00e3o de Sousa Bettencourt<\/span><\/p>\n<p style=\"text-align: left;padding-left: 30px\" align=\"right\"><b>Secret\u00e1ria<\/b><\/p>\n<p style=\"text-align: left;padding-left: 60px\" align=\"right\"><span style=\"color: #000000\">Vera L\u00facia da Silveira Silva<\/span><\/p>\n<p style=\"text-align: left\" align=\"right\"><a href=\"http:\/\/ebsv.edu.azores.gov.pt\/wordpress\/?page_id=17120\"><strong>Contas de Ger\u00eancia do Or\u00e7amento Corrente da Escola<\/strong><\/a><\/p>\n","protected":false},"excerpt":{"rendered":"<p>Composi\u00e7\u00e3o Presidente V\u00edtor Manuel Assun\u00e7\u00e3o Bernardes \u00a0Vice-Presidente Maria de Lurdes da Concei\u00e7\u00e3o de Sousa Bettencourt Secret\u00e1ria Vera L\u00facia da Silveira Silva Contas de Ger\u00eancia do Or\u00e7amento Corrente da Escola<\/p>\n","protected":false},"author":3,"featured_media":0,"parent":0,"menu_order":0,"comment_status":"closed","ping_status":"closed","template":"","meta":{"_mi_skip_tracking":false,"_monsterinsights_sitenote_active":false,"_monsterinsights_sitenote_note":"","_monsterinsights_sitenote_category":0,"footnotes":""},"class_list":["post-86","page","type-page","status-publish","hentry"],"acf":[],"_links":{"self":[{"href":"https:\/\/ebsv.edu.azores.gov.pt\/index.php?rest_route=\/wp\/v2\/pages\/86","targetHints":{"allow":["GET"]}}],"collection":[{"href":"https:\/\/ebsv.edu.azores.gov.pt\/index.php?rest_route=\/wp\/v2\/pages"}],"about":[{"href":"https:\/\/ebsv.edu.azores.gov.pt\/index.php?rest_route=\/wp\/v2\/types\/page"}],"author":[{"embeddable":true,"href":"https:\/\/ebsv.edu.azores.gov.pt\/index.php?rest_route=\/wp\/v2\/users\/3"}],"replies":[{"embeddable":true,"href":"https:\/\/ebsv.edu.azores.gov.pt\/index.php?rest_route=%2Fwp%2Fv2%2Fcomments&post=86"}],"version-history":[{"count":0,"href":"https:\/\/ebsv.edu.azores.gov.pt\/index.php?rest_route=\/wp\/v2\/pages\/86\/revisions"}],"wp:attachment":[{"href":"https:\/\/ebsv.edu.azores.gov.pt\/index.php?rest_route=%2Fwp%2Fv2%2Fmedia&parent=86"}],"curies":[{"name":"wp","href":"https:\/\/api.w.org\/{rel}","templated":true}]}}